+ 10?
22322
In base 16, what is -1 - 1e?
-1f
In base 4, what is 10 + 300?
310
In base 11, what is 44 + 37?
80
In base 2, what is -10001 - 111?
-11000
In base 13, what is -4 + a67?
a63
In base 12, what is 4 + -17a?
-176
In base 9, what is -302 + 34?
-257
In base 14, what is a - 2?
8
In base 14, what is -2 + 60?
5c
In base 13, what is 92 + -102?
-40
In base 3, what is -211112002 + 1?
-211112001
In base 15, what is -acd - -3?
-aca
In base 2, what is 1001001 - 101?
1000100
In base 10, what is -1 - -108?
107
In base 9, what is -24 - 226?
-251
In base 7, what is 12660 - -4?
12664
In base 7, what is 2563 - 4?
2556
In base 8, what is -23 - -4?
-17
In base 14, what is 4bb4 + -1?
4bb3
In base 4, what is 10 - -200133?
200203
In base 3, what is 211 + 201?
1112
In base 15, what is 0 - -24?
24
In base 11, what is 11 + -6?
6
In base 16, what is 3e + 24?
62
In base 12, what is 609 + b?
618
In base 5, what is 34411 + -4?
34402
In base 16, what is 3 - 6?
-3
In base 9, what is 1173 - -2?
1175
In base 9, what is -23848 + 0?
-23848
In base 11, what is 3 - -863?
866
In base 14, what is -11 - 6?
-17
In base 9, what is -235 - 4?
-240
In base 5, what is 3013 + -12?
3001
In base 15, what is -8e2a - -3?
-8e27
In base 3, what is -10120 + 0?
-10120
In base 7, what is 4 - 44?
-40
In base 15, what is -17c + 0?
-17c
In base 9, what is -2 + -128?
-131
In base 5, what is -441 + 43?
-343
In base 2, what is -1001101111100 - -100?
-1001101111000
In base 4, what is 2130301 - 2?
2130233
In base 8, what is -16 - 70?
-106
In base 10, what is -2 + -33?
-35
In base 2, what is -111010110 - -11101?
-110111001
In base 12, what is 5b96 - -1?
5b97
In base 11, what is -3 - -141?
139
In base 5, what is 1 - 422?
-421
In base 13, what is -5 - -247?
242
In base 10, what is -1 - 16?
-17
In base 9, what is -7 - -36?
28
In base 7, what is -456 - -11?
-445
In base 9, what is 8 + 15?
24
In base 2, what is 100011 + -1?
100010
In base 16, what is 2 - 5b?
-59
In base 3, what is -1 + -2101?
-2102
In base 15, what is -8 + d?
5
In base 13, what is 138 + -c?
129
In base 13, what is -18 + 22?
7
In base 5, what is 241 - -10?
301
In base 15, what is 2db + 3?
2de
In base 3, what is 110022110 + 2?
110022112
In base 11, what is 0 - -a4?
a4
In base 14, what is 1282 + 5?
1287
In base 2, what is 10000001 - 1001?
1111000
In base 2, what is -1100111001 + -1?
-1100111010
In base 15, what is 4 + 26?
2a
In base 7, what is -4 + 125?
121
In base 5, what is -3030 - -2?
-3023
In base 4, what is 2230 + 2?
2232
In base 9, what is -336 + 1?
-335
In base 13, what is -b30 - 7?
-b37
In base 3, what is -1 - -12000122?
12000121
In base 3, what is 10 - -22?
102
In base 3, what is 121 + -10220?
-10022
In base 14, what is -130 - 1?
-131
In base 10, what is 8 - -16?
24
In base 14, what is -407 - -1?
-406
In base 6, what is -12 + -1045?
-1101
In base 3, what is 2 + -2000?
-1221
In base 6, what is -151 + -304?
-455
In base 2, what is -1101 - -1000100?
110111
In base 9, what is -5 + 254?
248
In base 6, what is 3415 - 3?
3412
In base 5, what is 3 + -1204?
-1201
In base 6, what is -5 - -2?
-3
In base 7, what is 131 + -3?
125
In base 7, what is 14 - 304?
-260
In base 7, what is 1135 + 12?
1150
In base 12, what is 2 + 211?
213
In base 4, what is -2 + 2222?
2220
In base 2, what is -111100 + -1011111?
-10011011
In base 3, what is 2020120 + 21?
2020211
In base 7, what is -5 - 563?
-601
In base 11, what is 2 + 90?
92
In base 16, what is -5 + 10b?
106
In base 16, what is -16a - 9?
-173
In base 16, what is -ce + 6?
-c8
In base 13, what is -2 + 65?
63
In base 13, what is -cc3 - -5?
-cbb
In base 14, what is 0 - 22?
-22
In base 2, what is 11 - 111001011100?
-111001011001
In base 6, what is -1124 - 4?
-1132
In base 13, what is -1 - -1b2?
1b1
In base 11, what is -15 - a41?
-a56
In base 4, what is 20 + -13?
1
In base 3, what is 21 + 22122?
22220
In base 14, what is -476 + -4?
-47a
In base 14, what is -444 - 5?
-449
In base 7, what is -13215 - -5?
-13210
In base 3, what is -122 - -112?
-10
In base 13, what is 803 - 4?
7cc
In base 16, what is 58b + -1?
58a
In base 14, what is -1162 + 1?
-1161
In base 6, what is -214343 - 5?
-214352
In base 9, what is -6 - 145?
-152
In base 10, what is 180 - -6?
186
In base 16, what is -2 + 40b?
409
In base 12, what is 4 - -1a?
22
In base 7, what is -100 - 145?
-245
In base 8, what is -2 - -54?
52
In base 6, what is 14 + 41?
55
In base 2, what is -10001110 + -11?
-10010001
In base 14, what is -4a - -52?
6
In base 8, what is -1060 + -10?
-1070
In base 5, what is -112 + -1003?
-1120
In base 16, what is -3 + -2b4?
-2b7
In base 5, what is 0 - 14432?
-14432
In base 16, what is 8 - 6?
2
In base 13, what is -3 - 20?
-23
In base 8, what is 1 - 105?
-104
In base 4, what is 11 + -1133210?
-1133133
In base 10, what is 65 + -6?
59
In base 9, what is 5127 - -1?
5128
In base 11, what is 13 + -7?
7
In base 6, what is 112 + -4?
104
In base 14, what is 1 - 128?
-127
In base 12, what is 5 + -7?
-2
In base 15, what is 2c + -c?
20
In base 13, what is 259 + 1?
25a
In base 9, what is 21 - 44?
-23
In base 13, what is -3b + -a?
-48
In base 9, what is -4 + 3631?
3626
In base 9, what is 36 + 538?
575
In base 10, what is 2 + 344?
346
In base 3, what is 2201222 + 12?
2202011
In base 3, what is -2 - -211200?
211121
In base 10, what is 134 - 20?
114
In base 2, what is -1011101 + 1011?
-1010010
In base 2, what is -1 + -10000010011111?
-10000010100000
In base 12, what is 5 - 1a70?
-1a67
In base 6, what is -2 + 33?
31
In base 3, what is 1 - 11112?
-11111
In base 12, what is -114 + -1?
-115
In base 5, what is 11 + -1000?
-434
In base 9, what is 0 + 1125?
1125
In base 5, what is -4 + 10240?
10231
In base 12, what is -3 + -78?
-7b
In base 3, what is 11202 + 21?
12000
In base 12, what is -48 + 13?
-35
In base 10, what is -3 + -249?
-252
In base 16, what is 48 + -4f?
-7
In base 9, what is 1057 + 1?
1058
In base 9, what is 3210 + -5?
3204
In base 2, what is 111101 - -11?
1000000
In base 6, what is 5 + -455?
-450
In base 9, what is -12 + 275?
263
In base 8, what is 171 + 3?
174
In base 10, what is -119 - -43?
-76
In base 6, what is -525 - -2?
-523
In base 6, what is 2 - 123?
-121
In base 13, what is -45 + 195?
150
In base 12, what is 11 - -1?
12
In base 6, what is -2 + 4?
2
In base 14, what is -7 + 14?
b
In base 10, what is 33 + -6?
27
In base 6, what is -35000 - 1?
-35001
In base 12, what is 22 + 27?
49
In base 3, what is -101111 - 11?
-101122
In base 13, what is -2 - -35?
33
In base 4, what is 2100 - -301?
3001
In base 14, what is -8b + 57?
-34
In base 6, what is 203 - 5?
154
In base 15, what is -2 - 181?
-183
In base 10, what is -341 + -5?
-346
In base 4, what is 102 + 21?
123
In base 13, what is 13 - -22a?
240
In base 9, what is -53574 + -5?
-53580
In base 2, what is -110000110000 + -101?
-110000110101
In base 8, what is -3 + 1306?
1303
In base 5, what is 14 + 14412?
14431
In base 6, what is 235 + -2?
233
In base 15, what is 5e - 3?
5b
In base 6, what is -535 - 21?
-1000
In base 7, what is 104 - -1?
105
In base 3, what is 21 + -100200?
-100102
In base 15, what is 1d0b + 0?
1d0b
In base 14, what is -4 + -5cd?
-5d3
In base 10, what is -27 + -105?
-132
In base 7, what is -1 - 5511?
-5512
In base 3, what is 12 - 1121?
-1102
In base 15, what is 4 + -6?
-2
In base 8, what is -1 + 10?
7
In base 15, what is 3e - -1?
40
In base 3, what is 12 + 12?
101
In base 12, what is -12 - ab?
-101
In base 9, what is -8 + 24?
15
In base 6, what is 214 + -20?
154
In base 12, what is 5 + -81?
-78
In base 11, what is 21a - -22?
241
In base 9, what is 10 - 275?
-265
In base 7, what is -45 + -34?
-112
In base 15, what is -444c + 4?
-4448
In base 6, what is -112 - -15?
-53
In base 5, what is 14 + 0?
14
In base 16, what is 13 - 19b?
-188
In base 16, what is 1 - -4d?
4e
In base 5, what is 3101 + -4?
3042
In base 12, what is 4 - -1253?
1257
In base 8, what is 73 + -102?
-7
In base 4, what is -10 - -3021?
3011
In base 12, what is -1 + -14a?
-14b
In base 5, what is -1130 - 112?
-1242
In base 11, what is -242 + -1?
-243
In base 15, what is c3 - -4?
c7
In base 14, what is 4 + -12?
-c
In base 3, what is 0 - -10?
10
In base 6, what is -4 + 31?
23
In base 15, what is 37 + 4?
3b
In base 5, what is 2 - -2024?
2031
In base 13, what is 9 + 6a?
76
In base 5, what is 113333 - -10?
113343
In base 12